. Let s be 1/(1/(-21)*r/(-14)). Let h = 13 + s. Let l(n) = -7*n**2 - 2*n - 1. Calculate l(h).
-6
Let f(d) = 88*d**3 + 70*d**3 - 159*d**3 - 2 + 3*d**2. Determine f(-1).
2
Let s be (-13 - -2 - -1)*(-7)/(-14) - 6. Let q(p) = -p**3 - 11*p**2 + 2*p + 5. What is q(s)?
-17
Suppose -3*r = 299 - 1595. Let x(d) = -10*d + r - 215 - 219. Determine x(2).
-22
Let i(q) = -16*q**2 + 2*q - 1. Suppose 0 = -62*c + 58*c + 12. Suppose c*r + 50 = -88. Let t = r - -47. What is i(t)?
-15
Let k(w) = 18*w - 25. Let g(p) = 3*p - 14. Let l(o) = -3*g(o) + k(o). Determine l(-5).
-28
Let x(s) = -s**2 - 5*s + 7. Let p be x(-7). Let v(r) be the second derivative of -2*r**2 + 0 - 21*r - r**3 - 1/12*r**4. What is v(p)?
-11
Let z be (-11)/(-2)*-6*(-3 + 2). Suppose -6*x + 27 = -z. Let o be 24/x + 24/40. Let l(a) = -2*a**2 + 3*a + 4. What is l(o)?
-5
Let r(q) = 3 - 10 - q - 4. Let t(a) = 17*a + 46. Let g(y) = -8*y - 23. Let b(h) = -13*g(h) - 6*t(h). Let o(i) = -6*b(i) - 13*r(i). Determine o(4).
9
Let w be (520 + -521)*(6/(-3))/(2/3). Let o(t) = -t**3 - 6*t - 1. Give o(w).
-46
Let x(o) = -2*o + 5. Let d(k) = -k**2 + k + 2. Let p be d(0). Suppose 3 = -3*a + 4*t + 2, -4*a = -p*t - 12. Determine x(a).
-5
Suppose 17*t - 12 = -12. Suppose 5*a - 6 = -3*z - t*a, 0 = -4*z - a - 9. Let r(i) = -i**3 - 5*i**2 - 5*i + 4. Calculate r(z).
1
Suppose 4*h = -2*s + 54, 3*h - 5*s = -25 + 72. Let v(k) = -k**3 + 15*k**2 - 6*k - 13. Calculate v(h).
99
Let o(j) = -15*j**3 + 27*j**2 + 4*j - 39. Let p(b) = 26*b**3 - 53*b**2 - 7*b + 70. Let i(t) = -7*o(t) - 4*p(t). What is i(-23)?
-7
Let p(g) be the second derivative of 9*g**5/10 - g**4/6 + g**2/2 + 6854*g. What is p(1)?
17
Let x(j) = 19*j - 33. Let u(h) = 25*h - 31. Let v(c) = 3*u(c) - 4*x(c). Determine v(9).
30
Let r be 15/15 + 0 + 0. Let v(k) = -8*k**3 + 2*k**2 + 5*k + 7. Let p be v(-3). Let q(u) = -p + 226 + 4*u**2 - u - 2*u**2. Give q(r).
1
Let a(m) be the first derivative of -7*m**2 - 20*m + 2. Let c(s) = 9*s + 13. Let g(q) = 5*a(q) + 8*c(q). Calculate g(-8).
-12
Let t(x) = -x**2 + 11*x + 11. Let y(h) = h - 1. Let g(z) = -t(z) - 3*y(z). Let u be g(15). Let i(m) = -3*m - 1. Determine i(u).
-22
Let h(k) = 7*k + 4. Suppose 6*z = -109 + 139. Let f(d) be the first derivative of 3*d**2/2 + 2*d + 1. Let m(b) = z*f(b) - 2*h(b). Give m(-7).
-5
Let p(y) = y**2 + 42*y - 182. Let q be p(4). Let w(x) = -3*x**3 + 2*x + 1. Let b be w(-1). Let k(t) = b*t - 2*t + t**2 + t + t**3 - 2*t. What is k(q)?
10
Let g be 160/28 + -4 + 120/28. Let y(m) be the second derivative of 1/2*m**2 + 1/12*m**4 + 5*m + 0 - 3/2*m**3. What is y(g)?
-17
Suppose 0 = -33*t + 460 + 464. Let s be 680/112 - 2/t. Let h(l) = 2*l - 12. Calculate h(s).
0
Let m(f) = f**3 - 5*f**2 + 3*f. Let q be (2 - 42/(-5))/(4/(-20)). Let w = 55 + q. Determine m(w).
-9
Let r(l) = -69*l**2 - 3*l + 3. Let v(q) = -35*q**2 + q + 1. Let k(j) = r(j) - 2*v(j). Give k(0).
1
Suppose 33*j - 23*j - 2100 = 0. Suppose -32*f + j = 3*f. Let o(a) = -a + 2. What is o(f)?
-4
Let x(b) = b**2 + 7*b + 2. Let t = -35 - -42. Let d be t*(-8)/10 - 24/(-40). Give x(d).
-8
Let q(r) = -2*r**2 + 11*r - 13. Let v be q(3). Suppose 4 = 2*y + 2*f - 0, -3*y - v*f + 3 = 0. Let z(c) = 5*c + 1. Give z(y).
-4
Let l(g) = -g**3 - 4*g**2 - g - 2. Let k be l(-4). Let s(q) = -3*q**k - 202*q - 4*q**3 + 2 + 201*q + 3*q**3. What is s(-4)?
22
Let d(z) = z**2. Let h(l) = -l**2 - 7*l + 9. Let b(g) = -2*d(g) - h(g). Let t(s) = 5*s + 80. Let x be t(-16). Suppose x = -6*a + 61 - 19. Give b(a).
-9
Let r(m) be the third derivative of -m**3 + 0 - 48*m + 2*m**2 + 1/60*m**5 - 1/12*m**4. Give r(-3).
9
Let p(z) = 11*z + 3. Let q be p(0). Let x(a) = 2*a**q - 29 - 9*a - 3*a**3 - 24 + 52 - 10*a**2. Give x(-9).
-1
Let t = 313 - 288. Suppose -t = -11*l + 8. Let c(i) = -1 - i - 4*i**2 + 7*i**2 - 2*i**2. Calculate c(l).
5
Let v(r) be the first derivative of -3*r**2 + 1/3*r**3 + 3*r + 54. Determine v(7).
10
Let j(b) be the third derivative of -1/24*b**4 + 0 + 0*b - 8*b**2 - 4/3*b**3. What is j(-7)?
-1
Let b(v) = -7 + 47896*v**2 - 3*v + 2 - 47895*v**2. Let t be 15/(-9)*((4 - 2) + -5). Determine b(t).
5
Let a = -461 - -455. Let w be (30/(-4) - a)*(-30)/9. Let f(z) = -z**3 + 4*z**2 + 3*z + 1. Calculate f(w).
-9
Let a(q) = -2*q + 8. Suppose -11 = -4*i + 5. Suppose -i*r + 24 = -4*c, 0 = 4*c - 3*r + 25 + 1. Determine a(c).
24
Suppose -15 = 289*d - 284*d - 5*f, 4*d + 4*f = -36. Let j(a) = a**3 + 2*a + 4 - a + 7*a**2 - 12. Calculate j(d).
22
Let y(d) = -4*d + 2. Let q(h) = h**3 + h**2 - h - 4. Suppose 0 = 4*i - 5*u - 5, -i + 0*i + u = -2. Suppose 3*n = -5 + i. Let b be q(n). Calculate y(b).
18
Let i(b) = -b**2 - 4*b + 8. Suppose 3*y = -4*v - 118, -96 = 3*y - 3*v + 36. Let w = -70 - y. Let l be 3/(-3)*1/((-4)/w). Calculate i(l).
-13
Let x(u) = 3*u + 2. Let n = 197 - 193. Suppose -n*t = 5*i - 17, 2*t + 0*t = i + 5. Calculate x(t).
11
Let x(l) = -l**2 + 11*l - 17. Let u = 4414 - 4403. What is x(u)?
-17
Let n(m) = -4*m**2 - 2*m. Let a(f) = -f**2 - 2*f + 2. Let o(b) = 3*a(b) - n(b). Give o(4).
6
Let i(h) = 9 + 2*h - 9 + 2*h. Suppose -20 = 25*w - 120. Determine i(w).
16
Let t = 6106 + -6109. Let q(c) = -7*c**2 - 27*c - 13. What is q(t)?
5
Let l(b) = -b**2 + 25. Let y be (0/(-1))/(10/2 - 3). Suppose -5*w + y*w = 5*w. Give l(w).
25
Let b(p) be the first derivative of -1 - 9*p - 1/3*p**3 - 11/2*p**2. Let q = -267036 - -267028. What is b(q)?
15
Let d(n) = n - 5. Let q = 101 - 98. Let g be 0/1*(-3)/q*1. Let m be (4/(-3) + g)*(1 - -2). Determine d(m).
-9
Let x(k) be the second derivative of -5*k**4/3 + k**2/2 + 7*k. Let l be ((-3)/9)/(15/45). Calculate x(l).
-19
Suppose 0 = -x + 5*k - 3, -2*x + 3*x - 3*k = -3. Let f(h) = h - 5. Let o(p) = 1. Let d(a) = -f(a) - 3*o(a). Give d(x).
5
Let a(l) = 2*l - 130. Let g be a(62). Let c(m) = 3*m**2 - 3*m + 1. Calculate c(g).
127
Let x(l) be the first derivative of -l**4/4 - 2*l**3/3 + l**2/2 - 2*l - 1. Suppose -137*r - 227 - 214 = 10*r. Calculate x(r).
4
Let l(b) be the first derivative of b - 8*b - 17*b**2 + 19*b**2 + 3 - 34 - 41. Give l(6).
17
Let w be 66/(-6 + (-8)/(-1)). Suppose -3*s = 3*g + w, -17*g - 55 = -12*g - 5*s. Let b(v) = -v + 12. Calculate b(g).
23
Let s(p) = 3*p**3 + p. Let d be 1/((-3)/9)*(-56)/12. Suppose -43 = -y - d. Let x = -28 + y. Determine s(x).
4
Let n(s) = -41*s - 35. Let h(f) = 12*f + 13. Let z(p) = -13*h(p) - 4*n(p). Calculate z(5).
11
Suppose -32 - 149 = 9*b + 98. Let f(z) = -z**2 - 28*z + 102. Calculate f(b).
9
Let q = -4 - -9. Let f(p) be the first derivative of 25 + 4*p - 1/2*p**2. Determine f(q).
-1
Let c(v) = -1 - 41*v**3 - 40*v**3 - 5*v**2 + 121*v**3 - 45*v**3 + 2*v**2. Determine c(-2).
27
Let a = 663 - 665. Let z be (-4)/a + -1 + -6. Let g(m) = m - 7. What is g(z)?
-12
Let m be -5 + 3 + 3 - 6. Let a(x) = -x - 1. Let u(h) = h - 6. Let z(n) = a(n) - u(n). Determine z(m).
15
Suppose 13*a + 34 = 8. Let m be ((-3)/a)/(51/272). Let c(v) = -v + 11. Let w(h) = 1. Let f(i) = -c(i) + 5*w(i). What is f(m)?
2
Let q(h) = h + 29. Let o be q(-21). Suppose -10*n = 6 - 26. Let v(j) = 8 - 11*j - j + j**n + 2*j + 2*j. Give v(o).
8
Let p(j) be the third derivative of j**5/60 + 37*j**4/24 - 104*j**3/3 - 12*j**2 + 76*j. Determine p(-42).
2
Let d(b) = 5*b**3 - 11*b**2 + 40*b + 10. Let l(w) = -11*w**3 + 23*w**2 - 93*w - 20. Let z(r) = -9*d(r) - 4*l(r). Give z(8).
22
Let a = -98 - -58. Suppose 0 = -7*p - 16*p + 1466 - 408. Let y = a + p. Let s(k) = k - 9. Give s(y).
-3
Let a(s) = -4*s + 109. Let m be a(0). Let n(b) = m*b**3 - 38*b**3 + 1 - 52*b**3 - b**2. Give n(1).
19
Let u(z) = -9*z + 3. Let l(w) = 8*w**2 + 139*w - 89. Let m be l(-18). Determine u(m).
-6
Let n(u) = -u**3 + 14*u**2 + 2*u - 7. Let z be n(15). Let d = -197 - z. Let w(v) = 0 + 4 - 3*v + 3 - v. What is w(d)?
-13
Let v = 41 + -38. Suppose -3*k - 3*j + 9 = 0, 15 = 6*k - 3*k - v*j. Suppose 0*t + 18 = 5*l - 3*t, -7 = -k*l - 5*t. Let r(h) = -h**2 + 8*h - 3. Calculate r(l).
12
Let z(j) = -j**2 - 11*j - 5. Suppose -5*c = -b + 483, -3*c - 7*b = -2*b + 273. Let w = 108 + c. Suppose 3*t + 3*k + 0*k + 24 = 0, -3*k = -t - w. Calculate z(t).
13
Let a(t) = -2. Let k(l) = -3 - 110*l + 109*l + 5. Let x(w) = a(w) + 3*k(w). What is x(-5)?
19
Let h(k) be the first derivative of -17*k**2/2 + 19*k + 108. Let z(n) = 8*n - 9. Let g(d) = 4*h(d) + 9*z(d). Determine g(4).
11
Let c(f) be the third derivative of -